ue
Is 1925193433 a prime number?
False
Is 6433573 composite?
True
Is 11230668929 a prime number?
True
Is 159592452757 a composite number?
False
Is 360882901 prime?
True
Is 4687195237 a prime number?
False
Is 126931508929 composite?
True
Is 344923721 composite?
False
Is 10829948159 prime?
True
Is 1932492967 a prime number?
True
Is 118238751723 a prime number?
False
Is 114620121041 a prime number?
True
Is 1472463149 a composite number?
False
Is 1385555302 prime?
False
Is 3785060519 composite?
False
Is 194326901 composite?
False
Is 3980653589 a prime number?
False
Is 27547301017 prime?
False
Is 1096223521 a prime number?
False
Is 7864185457 composite?
False
Is 147301317301 prime?
False
Is 21492504581 composite?
True
Is 9737721211 a prime number?
False
Is 480677393 a prime number?
False
Is 178234847953 a prime number?
True
Is 447685913 composite?
False
Is 12154041743 a composite number?
False
Is 82955947 a prime number?
False
Is 50603997845 prime?
False
Is 175229651 composite?
False
Is 212859452869 composite?
True
Is 16637328061 prime?
False
Is 636954733 a composite number?
False
Is 709337333 composite?
False
Is 535781567 composite?
False
Is 1598157299 prime?
False
Is 1315932119 prime?
True
Is 18332959627 a prime number?
False
Is 1239856327 composite?
True
Is 886116389 prime?
True
Is 78663727 a composite number?
True
Is 82601333 prime?
True
Is 136716718337 a prime number?
False
Is 34951019953 a composite number?
False
Is 1171950641 a composite number?
True
Is 463819227713 prime?
True
Is 11329041959 a composite number?
True
Is 24399361379 a composite number?
True
Is 5448768671 composite?
False
Is 347183471 composite?
False
Is 67895575717 a composite number?
True
Is 14484418367 a prime number?
False
Is 1133973241 a composite number?
False
Is 8359122427 a composite number?
False
Is 444784493 a prime number?
False
Is 15523545299 composite?
True
Is 29414445259 prime?
False
Is 844826971 prime?
True
Is 1332235661 a composite number?
True
Is 13370345159 prime?
True
Is 327594863 composite?
True
Is 1368750499 prime?
False
Is 1200524573 composite?
False
Is 2017650001 composite?
True
Is 518568389 composite?
True
Is 307525954481 prime?
True
Is 5561880671 composite?
False
Is 15363557017 prime?
False
Is 17098525193 prime?
False
Is 3924420707 composite?
False
Is 14379698527 composite?
False
Is 69722417 prime?
False
Is 469723249 a prime number?
False
Is 308570833 composite?
False
Is 5832532223 a composite number?
True
Is 2871665515 composite?
True
Is 974835007 a prime number?
False
Is 146120165031 prime?
False
Is 12603325489 a prime number?
False
Is 7178004869 a composite number?
True
Is 16297993297 a prime number?
False
Is 1571307343 a prime number?
False
Is 8567583961 a prime number?
True
Is 12259637191 a prime number?
False
Is 40323897403 prime?
True
Is 11061057023 a composite number?
False
Is 39785471329 a prime number?
True
Is 1793063747 a composite number?
False
Is 1256304323 composite?
True
Is 9771177121 prime?
False
Is 6187587137 prime?
False
Is 36292889 a composite number?
True
Is 100947149 composite?
False
Is 1236927077 prime?
False
Is 48687940451 prime?
False
Is 12295633263 a prime number?
False
Is 11397995269 a prime number?
False
Is 1686654769 composite?
False
Is 1223980819 a composite number?
False
Is 53284517729 a prime number?
False
Is 17746000733 a prime number?
True
Is 2726196866 a prime number?
False
Is 368221339 prime?
False
Is 2703477883 a prime number?
False
Is 46606304897 prime?
False
Is 131500139 composite?
False
Is 31706342309 a composite number?
True
Is 16483789079 a prime number?
True
Is 3520700123 a prime number?
False
Is 893897079 prime?
False
Is 30128283085 prime?
False
Is 85909373371 a prime number?
False
Is 228671077 a prime number?
False
Is 19493742119 a prime number?
False
Is 4519404965 composite?
True
Is 5163347383 a prime number?
False
Is 417922123 prime?
True
Is 752052295 prime?
False
Is 88584019109 a composite number?
True
Is 1845913621 a composite number?
False
Is 295061213957 composite?
False
Is 2741163661 a composite number?
False
Is 8485023314 a composite number?
True
Is 6722059081 composite?
False
Is 17258801657 composite?
False
Is 18043708757 a composite number?
False
Is 2729414329 prime?
False
Is 1122933713 a prime number?
False
Is 3276451533 a prime number?
False
Is 24934573577 composite?
False
Is 171866839 composite?
False
Is 444115307 prime?
True
Is 7653282397 prime?
False
Is 2667855391 composite?
False
Is 4475189617 prime?
True
Is 1361084509 a prime number?
False
Is 414690427 a prime number?
False
Is 72820566307 prime?
True
Is 380386627 composite?
True
Is 236814451 a composite number?
False
Is 21360741819 composite?
True
Is 3079769947 a composite number?
False
Is 2343666113 composite?
False
Is 127551953 a composite number?
False
Is 8319304271 a composite number?
True
Is 3266118701 a composite number?
True
Is 11091111607 a prime number?
True
Is 674617061 prime?
False
Is 6091969291 prime?
False
Is 11383439 a composite number?
True
Is 124136759333 prime?
False
Is 642382847 a composite number?
True
Is 350466023 prime?
False
Is 4853265743 a prime number?
True
Is 2422851031 a prime number?
False
Is 188485566593 prime?
False
Is 112265723 composite?
False
Is 2398902353 prime?
True
Is 94730691103 a composite number?
True
Is 12032367889 a composite number?
False
Is 591808739 prime?
True
Is 82181288597 prime?
True
Is 3137257633 prime?
False
Is 163398290611 prime?
True
Is 122597880049 a composite number?
False
Is 12766133047 prime?
True
Is 131458732871 composite?
False
Is 674597657 a prime number?
False
Is 1684795498 prime?
False
Is 47794266779 a composite number?
True
Is 560604787 composite?
True
Is 45187539713 prime?
True
Is 755820515 a prime number?
False
Is 287513081 a prime number?
False
Is 35508097 a composite number?
False
Is 11831305663 prime?
False
Is 73414661513 a composite number?
True
Is 3831283307 a composite number?
False
Is 2594643431 a composite number?
False
Is 118263921977 a composite number?
False
Is 284634239 a composite number?
False
Is 133516433 a composite number?
True
Is 1016294989 prime?
False
Is 64847825345 prime?
False
Is 2390495231 composite?
False
Is 4879892261 a composite number?
False
Is 6812648411 composite?
False
Is 12290476963 a composite number?
False
Is 1407902477 a prime number?
False
Is 51300753067 a composite number?
True
Is 104065697 prime?
False
Is 32173050527 a composite number?
True
Is 9507305953 a prime number?
False
Is 1088543679 prime?
False
Is 24396722537 a prime number?
False
Is 7978518043 a prime number?
True
Is 1546939783 a prime number?
True
Is 366053159 prime?
False
Is 895786961 prime?
False
Is 3160497679 a prime number?
True
Is 16273494553 a prime number?
True
Is 1619784623 prime?
False
Is 11939110483 a prime number?
True
Is 87917057 composite?
False
Is 2136151879 prime?
True
Is 24700005443 a composite number?
False
Is 10967910511 composite?
False
Is 20964509629 a prime number?
False
Is 44673984211 a prime number?
False
Is 8271005011 a prime number?
False
Is 30482736041 composite?
True
Is 12286332391 composite?
True
Is 128466271 composite?
False
Is 80084237 a prime number?
False
Is 636508157 composite?
False
Is 165031207457 composite?
False
Is 46181273 composite?
False
Is 310571803 composite?
False
Is 4553369439 a composite number?
True
Is 11704395049 a composite number?
False
Is 10396652951 a composite number?
False
Is 1115718797 prime?
True
Is 1045823465 composite?
True
Is 890091457 a prime number?
False
Is 24222449729 prime?
False
Is 1030878427 a composite number?
True
Is 3090203983 composite?
False
Is 220669223 prime?
False
Is 576661619 a composite number?
False
Is 34387074523 composite?
True
Is 133450464701 prime?
False
Is 853227893 a composite number?
True
Is 112752731473 a composite number?
False
Is 1707869633 prime?
False
Is 577529903 a prime number?
True
Is 1681144057 a composite number?
False
Is 9820479269 prime?
True
Is 3937595737 a prime number?
False
Is 305953171 a prime number?
False
Is 173328473 a composite number?
False
Is 1210355191 prime?
False
Is 6994065577 a composite number?
False
Is 1560079597 a prime number?
False
Is 5053859227 a prime number?
False
Is 560014409 a prime number?
True
Is 371682433 a prime number?
False
Is 6232389587 composite?
False
